igit of 2095?
5
What is the hundreds digit of 3891?
8
What is the ten thousands digit of 17150?
1
What is the hundreds digit of 9010?
0
What is the tens digit of 1098?
9
What is the thousands digit of 3705?
3
What is the hundreds digit of 306?
3
What is the hundreds digit of 69949?
9
What is the ten thousands digit of 11883?
1
What is the units digit of 68990?
0
What is the tens digit of 988?
8
What is the thousands digit of 3649?
3
What is the ten thousands digit of 64866?
6
What is the thousands digit of 5585?
5
What is the units digit of 189?
9
What is the hundreds digit of 9322?
3
What is the hundreds digit of 30327?
3
What is the hundreds digit of 2159?
1
What is the tens digit of 504?
0
What is the thousands digit of 4602?
4
What is the hundreds digit of 739?
7
What is the hundreds digit of 428?
4
What is the thousands digit of 1089?
1
What is the hundreds digit of 57721?
7
What is the tens digit of 17335?
3
What is the tens digit of 755?
5
What is the hundreds digit of 2790?
7
What is the ten thousands digit of 68499?
6
What is the thousands digit of 9570?
9
What is the ten thousands digit of 16933?
1
What is the units digit of 316?
6
What is the units digit of 4766?
6
What is the tens digit of 1408?
0
What is the hundreds digit of 1352?
3
What is the tens digit of 6405?
0
What is the units digit of 1583?
3
What is the ten thousands digit of 12756?
1
What is the ten thousands digit of 56246?
5
What is the units digit of 2152?
2
What is the hundreds digit of 3623?
6
What is the thousands digit of 6082?
6
What is the hundreds digit of 978?
9
What is the thousands digit of 4101?
4
What is the thousands digit of 18614?
8
What is the units digit of 2619?
9
What is the units digit of 37381?
1
What is the hundreds digit of 3385?
3
What is the hundred thousands digit of 135208?
1
What is the ten thousands digit of 32544?
3
What is the units digit of 21497?
7
What is the tens digit of 63?
6
What is the tens digit of 8765?
6
What is the tens digit of 350?
5
What is the tens digit of 2224?
2
What is the hundreds digit of 61085?
0
What is the hundreds digit of 4507?
5
What is the hundreds digit of 1934?
9
What is the thousands digit of 4900?
4
What is the units digit of 1916?
6
What is the tens digit of 3806?
0
What is the ten thousands digit of 13139?
1
What is the tens digit of 83405?
0
What is the tens digit of 59391?
9
What is the thousands digit of 3130?
3
What is the tens digit of 11571?
7
What is the thousands digit of 8598?
8
What is the tens digit of 261?
6
What is the thousands digit of 9456?
9
What is the tens digit of 1143?
4
What is the hundreds digit of 273?
2
What is the tens digit of 804?
0
What is the thousands digit of 14209?
4
What is the units digit of 468?
8
What is the tens digit of 2042?
4
What is the thousands digit of 1041?
1
What is the ten thousands digit of 24819?
2
What is the hundreds digit of 1203?
2
What is the units digit of 6053?
3
What is the hundreds digit of 296?
2
What is the units digit of 202?
2
What is the tens digit of 3153?
5
What is the tens digit of 3636?
3
What is the units digit of 8165?
5
What is the units digit of 97878?
8
What is the ten thousands digit of 16371?
1
What is the units digit of 409?
9
What is the tens digit of 21669?
6
What is the thousands digit of 3481?
3
What is the hundreds digit of 1254?
2
What is the ten thousands digit of 126294?
2
What is the ten thousands digit of 35096?
3
What is the tens digit of 129982?
8
What is the units digit of 55596?
6
What is the tens digit of 1077?
7
What is the thousands digit of 7932?
7
What is the tens digit of 8511?
1
What is the thousands digit of 5019?
5
What is the ten thousands digit of 12610?
1
What is the units digit of 36700?
0
What is the hundreds digit of 24678?
6
What is the hundreds digit of 28719?
7
What is the tens digit of 113874?
7
What is the thousands digit of 10704?
0
What is the thousands digit of 55562?
5
What is the tens digit of 342?
4
What is the units digit of 1223?
3
What is the thousands digit of 5302?
5
What is the tens digit of 135979?
7
What is the ten thousands digit of 18281?
1
What is the hundreds digit of 58839?
8
What is the thousands digit of 71677?
1
What is the thousands digit of 10775?
0
What is the tens digit of 6885?
8
What is the thousands digit of 1174?
1
What is the units digit of 1514?
4
What is the units digit of 9904?
4
What is the hundreds digit of 2410?
4
What is the tens digit of 6147?
4
What is the ten thousands digit of 49031?
4
What is the tens digit of 37089?
8
What is the units digit of 850?
0
What is the units digit of 50079?
9
What is the hundreds digit of 2930?
9
What is the thousands digit of 38918?
8
What is the tens digit of 642?
4
What is the thousands digit of 7753?
7
What is the units digit of 855?
5
What is the units digit of 134462?
2
What is the tens digit of 24481?
8
What is the hundreds digit of 15838?
8
What is the hundreds digit of 1959?
9
What is the tens digit of 3095?
9
What is the thousands digit of 1442?
1
What is the thousands digit of 1961?
1
What is the ten thousands digit of 138226?
3
What is the hundreds digit of 945?
9
What is the hundreds digit of 3988?
9
What is the hundreds digit of 35365?
3
What is the units digit of 1967?
7
What is the units digit of 1807?
7
What is the tens digit of 756?
5
What is the thousands digit of 57185?
7
What is the thousands digit of 2768?
2
What is the thousands digit of 14119?
4
What is the hundreds digit of 515?
5
What is the tens digit of 11855?
5
What is the tens digit of 3599?
9
What is the units digit of 1639?
9
What is the hundreds digit of 1224?
2
What is the thousands digit of 4049?
4
What is the ten thousands digit of 132552?
3
What is the hundreds digit of 22555?
5
What is the tens digit of 10?
1
What is the thousands digit of 68496?
8
What is the hundreds digit of 134659?
6
What is the tens digit of 137?
3
What is the hundreds digit of 5575?
5
What is the units digit of 1184?
4
What is the tens digit of 8139?
3
What is the units digit of 47513?
3
What is the units digit of 6612?
2
What is the tens digit of 1705?
0
What is the hundreds digit of 565?
5
What is the units digit of 69?
9
What is the thousands digit of 38203?
8
What is the tens digit of 501?
0
What is the units digit of 16103?
3
What is the hundreds digit of 38427?
4
What is the units digit of 4262?
2
What is the hundreds digit of 5376?
3
What is the thousands digit of 3040?
3
What is the tens digit of 65221?
2
What is the tens digit of 102895?
9
What is the tens digit of 134150?
5
What is the tens digit of 186?
8
What is the tens digit of 140731?
3
What is the hundreds digit of 26850?
8
What is the units digit of 4520?
0
What is the units digit of 22308?
8
What is the units digit of 976?
6
What is the hundreds digit of 686?
6
What is the tens digit of 7206?
0
What is the tens digit of 6733?
3
What is the hundreds digit of 3023?
0
What is the thousands digit of 23857?
3
What is the thousands digit of 3696?
3
What is the units digit of 1126?
6
What is the hundreds digit of 476?
4
What is the units digit of 24662?
2
What is the hundreds digit of 6074?
0
What is the tens digit of 53080?
8
What is the thousands digit of 7679?
7
What is the tens digit of 858?
5
What is the hundreds digit of 17782?
7
What is the tens digit of 102810?
1
What is the tens digit of 2061?
6
What is the tens digit of 14852?
5
What is the tens digit of 15674?
7
What is the tens digit of 11534?
3
What is the units digit of 7113?
3
What is the thousands digit of 1072?
1
What is the thousands digit of 1132?
1
What is the units digit of 1359?
9
What is the tens digit of 11912?
1
What is the hundreds digit of 9346?
3
What is the units digit of 244?
4
What is the tens digit of 23?
2
What is the tens digit of 937?
3
What is the hundreds digit of 63450?
4
What is the thousands digit of 16670?
6
What is the hundreds digit of 46930?
9
What is the units digit of 1228?
8
What is the hundreds digit of 68749?
7
What is the thousands digit of 8814?
8
What is the thousands digit of 1832?
1
What is the tens digit of 864?
6
What is the ten thousands digit of 72913?
7
What is the hundreds digit of 11315?
3
What is the units digit of 1716?
6
What is the units digit of 83461?
1
What is the tens digit of 399